of 4?
True
Is 23 a factor of 8526112?
False
Is 7535476 a multiple of 2204?
True
Is 18 a factor of 1200578?
False
Is 391 a factor of 140971?
False
Is 2806989 a multiple of 270?
False
Is 122482 a multiple of 13?
False
Does 776 divide 823741?
False
Does 81 divide 506961?
False
Is 636634 a multiple of 134?
True
Does 54 divide 1263330?
True
Is 291 a factor of 8733340?
False
Is 33258 a multiple of 13?
False
Is 26 a factor of 322868?
True
Is 300750 a multiple of 50?
True
Is 3 a factor of 1257156?
True
Is 244 a factor of 979274?
False
Does 54 divide 32291?
False
Is 846 a factor of 1229238?
True
Is 19 a factor of 24333?
False
Does 175 divide 522059?
False
Does 191 divide 116319?
True
Is 76 a factor of 3116?
True
Does 547 divide 2514559?
True
Is 36 a factor of 127878?
False
Is 7 a factor of 2426685?
False
Is 63954 a multiple of 66?
True
Is 43 a factor of 7773?
False
Is 14837870 a multiple of 812?
False
Is 397200 a multiple of 100?
True
Is 11 a factor of 80157?
True
Is 95 a factor of 56715?
True
Is 69 a factor of 2796087?
True
Does 46 divide 909512?
True
Is 562101 a multiple of 20?
False
Does 16 divide 125736?
False
Is 516 a factor of 9870048?
True
Is 61 a factor of 43066?
True
Is 2111526 a multiple of 18?
True
Is 12510539 a multiple of 60?
False
Does 179 divide 575660?
False
Is 302210 a multiple of 94?
True
Does 14 divide 17189?
False
Does 280 divide 23520?
True
Is 9889462 a multiple of 1121?
True
Does 50 divide 1089329?
False
Is 182 a factor of 1282205?
False
Is 7888 a multiple of 17?
True
Is 20140 a multiple of 190?
True
Is 18280 a multiple of 20?
True
Does 1591 divide 5929657?
True
Does 620 divide 331080?
True
Does 60 divide 72234?
False
Does 337 divide 5894804?
True
Is 86121 a multiple of 3?
True
Does 366 divide 1998955?
False
Is 175 a factor of 261645?
False
Does 195 divide 82875?
True
Is 61 a factor of 1046821?
True
Is 1044 a factor of 13935312?
True
Is 4769600 a multiple of 1100?
True
Is 6137 a multiple of 17?
True
Is 186515 a multiple of 70?
False
Is 247783 a multiple of 104?
False
Is 14815892 a multiple of 707?
True
Does 102 divide 15626869?
False
Is 632153 a multiple of 320?
False
Does 594 divide 15424900?
False
Is 942 a factor of 19004850?
True
Is 6158460 a multiple of 660?
True
Does 73 divide 62780?
True
Does 606 divide 3357151?
False
Does 541 divide 4206860?
False
Is 68320 a multiple of 80?
True
Does 108 divide 289872?
True
Does 21 divide 5791504?
False
Does 4 divide 700589?
False
Does 40 divide 129440?
True
Is 89280 a multiple of 74?
False
Does 86 divide 107758?
True
Does 120 divide 487394?
False
Does 263 divide 77322?
True
Is 1349 a factor of 1465014?
True
Is 29 a factor of 509986?
False
Does 23 divide 869977?
False
Is 81 a factor of 1512675?
True
Does 630 divide 7385490?
True
Is 931 a factor of 549723?
False
Is 728660 a multiple of 512?
False
Does 8 divide 221?
False
Is 22 a factor of 4183465?
False
Is 139454 a multiple of 98?
True
Is 86588 a multiple of 185?
False
Does 38 divide 921167?
False
Is 14 a factor of 6345872?
False
Is 12 a factor of 613764?
True
Does 21 divide 19447615?
False
Is 291820 a multiple of 31?
False
Is 46530 a multiple of 5?
True
Does 6 divide 258954?
True
Does 13 divide 19571230?
False
Is 802512 a multiple of 304?
False
Is 2819139 a multiple of 305?
False
Does 219 divide 2366733?
True
Is 515 a factor of 1352003?
False
Does 53 divide 381045?
False
Is 8 a factor of 7063032?
True
Is 55 a factor of 2097016?
False
Is 399384 a multiple of 43?
True
Does 81 divide 7688844?
True
Is 510181 a multiple of 150?
False
Does 26 divide 924820?
True
Is 23129 a multiple of 47?
False
Is 352271 a multiple of 127?
False
Is 840855 a multiple of 103?
False
Does 29 divide 36418?
False
Does 934 divide 5858048?
True
Is 942876 a multiple of 171?
False
Is 164637 a multiple of 33?
True
Is 2479848 a multiple of 1018?
True
Is 1292922 a multiple of 6?
True
Does 52 divide 628593?
False
Is 241560 a multiple of 220?
True
Is 8759 a multiple of 4?
False
Is 1012040 a multiple of 48?
False
Is 29 a factor of 13456?
True
Is 7 a factor of 365514?
False
Is 816743 a multiple of 12?
False
Is 8364135 a multiple of 885?
True
Is 65 a factor of 3522893?
False
Is 16599501 a multiple of 15?
False
Does 20 divide 195610?
False
Is 319990 a multiple of 55?
True
Is 123 a factor of 1815357?
True
Is 140624 a multiple of 94?
True
Is 91 a factor of 26299?
True
Is 3131520 a multiple of 384?
True
Is 11764648 a multiple of 57?
False
Does 21 divide 10363017?
True
Does 30 divide 27471330?
True
Is 128295 a multiple of 15?
True
Does 6 divide 20274?
True
Is 20 a factor of 14517295?
False
Does 266 divide 23940?
True
Does 128 divide 1262464?
True
Does 1238 divide 7597454?
False
Is 352962 a multiple of 105?
False
Does 21 divide 560217?
True
Does 58 divide 317823?
False
Is 2539760 a multiple of 67?
False
Is 2 a factor of 22553?
False
Does 30 divide 105355?
False
Is 16 a factor of 785312?
True
Is 548628 a multiple of 8?
False
Is 66 a factor of 171864?
True
Is 1504 a factor of 5615135?
False
Is 6251463 a multiple of 1737?
True
Does 331 divide 825370?
False
Is 2582762 a multiple of 322?
True
Is 93186 a multiple of 31?
True
Is 174 a factor of 6693606?
True
Is 7564425 a multiple of 55?
True
Is 16 a factor of 48256?
True
Is 106123 a multiple of 10?
False
Is 117600 a multiple of 25?
True
Is 169 a factor of 3489022?
False
Is 8680 a multiple of 10?
True
Is 45 a factor of 574740?
True
Is 45780 a multiple of 654?
True
Is 7449 a multiple of 176?
False
Is 630081 a multiple of 500?
False
Is 105784 a multiple of 56?
True
Is 16 a factor of 890160?
True
Is 42 a factor of 2304456?
True
Is 14483796 a multiple of 204?
True
Does 24 divide 655848?
True
Does 3 divide 103336?
False
Is 11 a factor of 190960?
True
Is 8 a factor of 363337?
False
Is 1403514 a multiple of 47?
True
Is 746557 a multiple of 161?
True
Does 45 divide 659138?
False
Does 39 divide 189345?
True
Does 14 divide 63778?
False
Is 7619178 a multiple of 407?
False
Is 228766 a multiple of 107?
True
Is 36038 a multiple of 3?
False
Does 193 divide 499291?
True
Is 36 a factor of 1007568?
True
Is 5191324 a multiple of 220?
False
Is 44 a factor of 312680?
False
Is 200 a factor of 4028433?
False
Does 65 divide 614829?
False
Does 46 divide 4146808?
True
Does 3 divide 478122?
True
Does 32 divide 3883648?
True
Is 1793760 a multiple of 40?
True
Is 18 a factor of 1737155?
False
Is 1777088 a multiple of 680?
False
Is 3109802 a multiple of 94?
True
Is 2549093 a multiple of 787?
True
Is 242455 a multiple of 61?
False
Is 66 a factor of 229081?
False
Is 3102102 a multiple of 1143?
True
Is 1298202 a multiple of 6?
True
Is 302828 a multiple of 5?
False
Is 161892 even?
True
Is 9564 a multiple of 4?
True
Is 6 a factor of 26196?
True
Does 51 divide 492274?
False
Is 27845 a multiple of 5?
True
Is 23125 a multiple of 17?
False
Is 260 a factor of 3715240?
False
Is 11 a factor of 673618?
True
Does 192 divide 295296?
True
Is 1261080 a multiple of 465?
True
Does 55 divide 214005?
True
Is 105 a factor of 101115?
True
Is 7803640 a multiple of 172?
True
Is 3 a factor of 909486?
True
Does 15 divide 6053370?
True
Is 21703950 a multiple of 135?
True
Does 14 divide 6118686?
True
Is 186 a factor of 38130?
True
Is 401931 a multiple of 37?
True
Is 43 a factor of 66306?
True
Does 6 divide 39126?
True
Is 82 a factor of 381546?
True
Is 1242 a factor of 17025336?
True
Is 2544 a multiple of 18?
False
Does 73 divide 39513?
False
Does 47 divide 11895288?
False
Is 709658 a multiple of 113?
False
Does 37 divide 890442?
True
Is 5 a factor of 4950220?
True
Does 7 divide 741479?
False
Is 72063 a multiple of 291?
False
Is 126 a factor of 549809?
False
Is 576891 a multiple of 7?
True
Does 797 divide 1675294?
True
Is 409605 a multiple of 249?
True
Does 47 divide 96021?
True
Is 46682 a multiple of 34?
True
Is 5 a factor of 94825?
True
Is 14170344 a multiple of 54?
False
Is 1927252 a multiple of 214?
False
Is 9093786 a multiple of 74?
True
Does 19 divide 459112?
False
Does 411 divide 113847?
True
Does 7 divide 24013?
False
Is 31622 a multiple of 14?
False
Is 46 a factor of 529828?
True
Does 42 divide 580223?
False
Does 14 divide 2057706?
True
Is 35 a factor of 15693790?
True
Is 27 a factor of 931500?
True
Is 1301351 a multiple of 21?
False
Does 40 divide 1952520?
True
Is 9 a factor of 415859?
Fal